{"id":105,"date":"2022-03-24T13:15:37","date_gmt":"2022-03-24T12:15:37","guid":{"rendered":"http:\/\/affable59.fr\/dj419799-ovh\/?page_id=105"},"modified":"2022-03-28T17:23:10","modified_gmt":"2022-03-28T15:23:10","slug":"laccueil-familial","status":"publish","type":"page","link":"https:\/\/affable59.fr\/dj419799-ovh\/index.php\/laccueil-familial\/","title":{"rendered":"L\u2019accueil familial"},"content":{"rendered":"\n<p>L\u2019accueil familial est un dispositif national\u2026 C\u2019est une alternative \u00e0 l&#8217;h\u00e9bergement institutionnel, les familles d\u2019accueil sont des micro-structures a caract\u00e8re familial , des professionnels agr\u00e9\u00e9s, encadr\u00e9s et form\u00e9s par le D\u00e9partement , une formule s\u00fbre et de qualit\u00e9.<\/p>\n\n\n\n<p>Un particulier ou un couple s&#8217;engage \u00e0 accueillir \u00e0 son domicile, moyennant r\u00e9tribution, (\u00e0 temps complet ou partiel, de mani\u00e8re permanente ou temporaire), une personne \u00e2g\u00e9e ou handicap\u00e9e n&#8217;appartenant pas \u00e0 sa famille, qui pour diverses raisons ne peut plus rester seule chez elle, en lui permettant de partager la vie de famille. L&#8217;accueil familial est limit\u00e9 \u00e0 trois personnes par foyer.<\/p>\n\n\n\n<p>A mi-chemin entre le maintien \u00e0 domicile et la prise en charge en maison de retraite, l\u2019accueil familial ne g\u00e9n\u00e8re aucune d\u00e9pense suppl\u00e9mentaire ; bien au contraire : c\u2019est une source d\u2019\u00e9conomies pour la soci\u00e9t\u00e9, favorisant la cr\u00e9ation d\u2019emplois de proximit\u00e9 non d\u00e9localisables, contribuant \u00e0 la revitalisation des territoires ruraux.<\/p>\n\n\n\n<p>Le site d&#8217;information de l\u2019association AFFABLE59 d\u00e9di\u00e9 \u00e0 l\u2019accueil familial \u00e9clairera votre choix, entre parfois l&#8217;aust\u00e9rit\u00e9 d&#8217;une structure d&#8217;accueil institutionnelle ou la tendresse d&#8217;une structure d&#8217;accueil familiale. Comparez les co\u00fbts de placement, les aides, les avantages et inconv\u00e9nients li\u00e9s \u00e0 vos situations personnelles, g\u00e9ographiques et financi\u00e8res..<\/p>\n\n\n\n<div class=\"wp-block-media-text alignwide is-stacked-on-mobile\"><figure class=\"wp-block-media-text__media\"><a href=\"http:\/\/affable59.fr\/dj419799-ovh\/wp-content\/uploads\/2022\/03\/D\u251c\u00aepliant-mandat-de-gestion.pdf\" target=\"_blank\" rel=\"noopener\"><img loading=\"lazy\" decoding=\"async\" width=\"370\" height=\"534\" src=\"http:\/\/affable59.fr\/dj419799-ovh\/wp-content\/uploads\/2022\/03\/Capture-depliant-mandat-de-gestion.jpg\" alt=\"\" class=\"wp-image-124 size-full\" srcset=\"https:\/\/affable59.fr\/dj419799-ovh\/wp-content\/uploads\/2022\/03\/Capture-depliant-mandat-de-gestion.jpg 370w, https:\/\/affable59.fr\/dj419799-ovh\/wp-content\/uploads\/2022\/03\/Capture-depliant-mandat-de-gestion-208x300.jpg 208w\" sizes=\"(max-width: 370px) 100vw, 370px\" \/><\/a><\/figure><div class=\"wp-block-media-text__content\">\n<p>Vous souhaitez obtenir de l\u2019aide de l\u2019association AFFABLE59\u2026 La difficult\u00e9 n\u2019est pas de trouver un famille d\u2019accueil, notre exp\u00e9rience vous permettra de trouver LA bonne famille d\u2019accueil et de vous accompagner dans vos d\u00e9marches administratives !<\/p>\n\n\n\n<p>Ce mode d&#8217;h\u00e9bergement permet aux personnes \u00e2g\u00e9es de plus de 60 ans et aux personnes handicap\u00e9es de b\u00e9n\u00e9ficier d&#8217;un cadre de vie personnalis\u00e9 au sein d&#8217;une famille et de rompre son isolement. A la signature du contrat d\u2019accueil, chaque famille d\u2019accueil s\u2019engage dans un projet d\u2019accueil personnalis\u00e9<\/p>\n\n\n\n<p>Enfin, des aides financi\u00e8res sont possibles sous conditions.<\/p>\n\n\n\n<p>Les familles d\u2019accueil sont environ 530 dans le d\u00e9partement du Nord. Les conditions d&#8217;accueil sont garanties pour la personne accueillie : la protection de la sant\u00e9, la s\u00e9curit\u00e9 et le bien-\u00eatre physique et moral contre une r\u00e9mun\u00e9ration journali\u00e8re, des indemnit\u00e9s de frais d&#8217;entretien et de mise \u00e0 disposition de(s) pi\u00e8ce(s) r\u00e9serv\u00e9e(s) \u00e0 la personne accueillie.<\/p>\n<\/div><\/div>\n","protected":false},"excerpt":{"rendered":"<p>L\u2019accueil familial est un dispositif national\u2026 C\u2019est une alternative \u00e0 l&#8217;h\u00e9bergement institutionnel, les familles d\u2019accueil sont des micro-structures a caract\u00e8re familial , des professionnels agr\u00e9\u00e9s, encadr\u00e9s et form\u00e9s par le D\u00e9partement , une formule s\u00fbre et de qualit\u00e9. Un particulier ou un couple s&#8217;engage \u00e0 accueillir \u00e0 son domicile, moyennant r\u00e9tribution, (\u00e0 temps complet ou [&hellip;]<\/p>\n","protected":false},"author":1,"featured_media":0,"parent":0,"menu_order":0,"comment_status":"closed","ping_status":"closed","template":"","meta":{"footnotes":""},"_links":{"self":[{"href":"https:\/\/affable59.fr\/dj419799-ovh\/index.php\/wp-json\/wp\/v2\/pages\/105"}],"collection":[{"href":"https:\/\/affable59.fr\/dj419799-ovh\/index.php\/wp-json\/wp\/v2\/pages"}],"about":[{"href":"https:\/\/affable59.fr\/dj419799-ovh\/index.php\/wp-json\/wp\/v2\/types\/page"}],"author":[{"embeddable":true,"href":"https:\/\/affable59.fr\/dj419799-ovh\/index.php\/wp-json\/wp\/v2\/users\/1"}],"replies":[{"embeddable":true,"href":"https:\/\/affable59.fr\/dj419799-ovh\/index.php\/wp-json\/wp\/v2\/comments?post=105"}],"version-history":[{"count":7,"href":"https:\/\/affable59.fr\/dj419799-ovh\/index.php\/wp-json\/wp\/v2\/pages\/105\/revisions"}],"predecessor-version":[{"id":161,"href":"https:\/\/affable59.fr\/dj419799-ovh\/index.php\/wp-json\/wp\/v2\/pages\/105\/revisions\/161"}],"wp:attachment":[{"href":"https:\/\/affable59.fr\/dj419799-ovh\/index.php\/wp-json\/wp\/v2\/media?parent=105"}],"curies":[{"name":"wp","href":"https:\/\/api.w.org\/{rel}","templated":true}]}}