{"id":137,"date":"2022-03-28T14:38:04","date_gmt":"2022-03-28T12:38:04","guid":{"rendered":"http:\/\/affable59.fr\/dj419799-ovh\/?page_id=137"},"modified":"2022-03-29T14:36:24","modified_gmt":"2022-03-29T12:36:24","slug":"cadre-legal","status":"publish","type":"page","link":"https:\/\/affable59.fr\/dj419799-ovh\/index.php\/cadre-legal\/","title":{"rendered":"Cadre L\u00e9gal"},"content":{"rendered":"\n<div class=\"wp-block-media-text alignwide is-stacked-on-mobile has-white-color has-text-color\"><figure class=\"wp-block-media-text__media\"><img loading=\"lazy\" decoding=\"async\" width=\"635\" height=\"346\" src=\"http:\/\/affable59.fr\/dj419799-ovh\/wp-content\/uploads\/2022\/03\/wp62bb406b_05_06.jpg\" alt=\"\" class=\"wp-image-16 size-full\" srcset=\"https:\/\/affable59.fr\/dj419799-ovh\/wp-content\/uploads\/2022\/03\/wp62bb406b_05_06.jpg 635w, https:\/\/affable59.fr\/dj419799-ovh\/wp-content\/uploads\/2022\/03\/wp62bb406b_05_06-300x163.jpg 300w\" sizes=\"(max-width: 635px) 100vw, 635px\" \/><\/figure><div class=\"wp-block-media-text__content\">\n<p class=\"has-large-font-size\">A retenir :<\/p>\n\n\n\n<p class=\"has-luminous-vivid-orange-background-color has-background\"><strong>Le dispositif d&#8217;accueil familial est garanti et encadr\u00e9 juridiquement par la loi du 10 juillet 1989 relative \u00e0 l&#8217;accueil par des particuliers, \u00e0 leur domicile, \u00e0 titre on\u00e9reux, de personnes \u00e2g\u00e9es ou handicap\u00e9es adultes et par la loi de modernisation sociale du 17 janvier 2002 et ses d\u00e9crets d&#8217;application.<\/strong><\/p>\n<\/div><\/div>\n\n\n\n<p><\/p>\n\n\n\n<p>Le Conseil D\u00e9partemental a pour mission&nbsp;d\u2019agr\u00e9er&nbsp;, d&#8217;organiser le contr\u00f4le des accueillants familiaux, de leur rempla\u00e7ants et de mettre en place le&nbsp;suivi m\u00e9dico-social&nbsp;des personnes accueillies.<\/p>\n\n\n\n<p>Un contrat d&#8217;accueil conforme \u00e0 un contrat type national est obligatoirement sign\u00e9 entre l&#8217;accueillant familial, la personne accueillie et\/ou son repr\u00e9sentant l\u00e9gal si elle b\u00e9n\u00e9ficie d&#8217;une mesure de protection. <strong>Ce contrat pr\u00e9cise les droits et les obligations des deux parties et notamment les conditions de r\u00e9mun\u00e9ration.<\/strong><\/p>\n\n\n\n<div class=\"wp-block-media-text alignwide has-media-on-the-right is-stacked-on-mobile\"><figure class=\"wp-block-media-text__media\"><a href=\"http:\/\/affable59.fr\/dj419799-ovh\/wp-content\/uploads\/2022\/03\/D\u251c\u00aepliant-Accueil-Familial-1.pdf\" target=\"_blank\" rel=\"Visualisez notre plaquette d&#039;information noopener\"><img loading=\"lazy\" decoding=\"async\" width=\"371\" height=\"526\" src=\"http:\/\/affable59.fr\/dj419799-ovh\/wp-content\/uploads\/2022\/03\/Capture-depliant-accueil-familiale-1.jpg\" alt=\"Visualisez notre plaquette d'information\" class=\"wp-image-185 size-full\" srcset=\"https:\/\/affable59.fr\/dj419799-ovh\/wp-content\/uploads\/2022\/03\/Capture-depliant-accueil-familiale-1.jpg 371w, https:\/\/affable59.fr\/dj419799-ovh\/wp-content\/uploads\/2022\/03\/Capture-depliant-accueil-familiale-1-212x300.jpg 212w\" sizes=\"(max-width: 371px) 100vw, 371px\" \/><\/a><\/figure><div class=\"wp-block-media-text__content\">\n<p class=\"has-text-align-center has-black-color has-white-background-color has-text-color has-background has-medium-font-size\">Ce qu&#8217;il faut retenir :<\/p>\n\n\n\n<p>La famille d&#8217;accueil c&#8217;est :<\/p>\n\n\n\n<ul><li>Choisir un h\u00e9bergement chaleureux et individualis\u00e9 qui permet de pr\u00e9server l\u2019autonomie des personnes accueillies<\/li><li>La possibilit\u00e9 d\u2019\u00e9chapper \u00e0 l\u2019h\u00e9bergement institutionnalis\u00e9<\/li><li>Partager la vie et les activit\u00e9s d\u2019une famille dans le respect et la convivialit\u00e9.<\/li><li>L\u2019\u00e9tablissement d\u2019un contrat d\u2019accueil qui refl\u00e8te le projet de vie<\/li><li>B\u00e9n\u00e9ficier d\u2019un accompagnement sans faille dans tous les actes de la vie<\/li><li>Profitez &nbsp;d\u2019un montage financier tr\u00e8s int\u00e9ressant<\/li><li>Obtenir la garantie d\u2019un suivi m\u00e9dico-social organis\u00e9 par le D\u00e9partement<\/li><\/ul>\n\n\n\n<p><\/p>\n<\/div><\/div>\n","protected":false},"excerpt":{"rendered":"<p>A retenir : Le dispositif d&#8217;accueil familial est garanti et encadr\u00e9 juridiquement par la loi du 10 juillet 1989 relative \u00e0 l&#8217;accueil par des particuliers, \u00e0 leur domicile, \u00e0 titre on\u00e9reux, de personnes \u00e2g\u00e9es ou handicap\u00e9es adultes et par la loi de modernisation sociale du 17 janvier 2002 et ses d\u00e9crets d&#8217;application. Le Conseil D\u00e9partemental [&hellip;]<\/p>\n","protected":false},"author":1,"featured_media":0,"parent":0,"menu_order":0,"comment_status":"closed","ping_status":"closed","template":"","meta":{"footnotes":""},"_links":{"self":[{"href":"https:\/\/affable59.fr\/dj419799-ovh\/index.php\/wp-json\/wp\/v2\/pages\/137"}],"collection":[{"href":"https:\/\/affable59.fr\/dj419799-ovh\/index.php\/wp-json\/wp\/v2\/pages"}],"about":[{"href":"https:\/\/affable59.fr\/dj419799-ovh\/index.php\/wp-json\/wp\/v2\/types\/page"}],"author":[{"embeddable":true,"href":"https:\/\/affable59.fr\/dj419799-ovh\/index.php\/wp-json\/wp\/v2\/users\/1"}],"replies":[{"embeddable":true,"href":"https:\/\/affable59.fr\/dj419799-ovh\/index.php\/wp-json\/wp\/v2\/comments?post=137"}],"version-history":[{"count":11,"href":"https:\/\/affable59.fr\/dj419799-ovh\/index.php\/wp-json\/wp\/v2\/pages\/137\/revisions"}],"predecessor-version":[{"id":198,"href":"https:\/\/affable59.fr\/dj419799-ovh\/index.php\/wp-json\/wp\/v2\/pages\/137\/revisions\/198"}],"wp:attachment":[{"href":"https:\/\/affable59.fr\/dj419799-ovh\/index.php\/wp-json\/wp\/v2\/media?parent=137"}],"curies":[{"name":"wp","href":"https:\/\/api.w.org\/{rel}","templated":true}]}}