{"id":67,"date":"2022-03-18T14:58:57","date_gmt":"2022-03-18T13:58:57","guid":{"rendered":"http:\/\/affable59.fr\/dj419799-ovh\/?page_id=67"},"modified":"2022-03-18T14:58:57","modified_gmt":"2022-03-18T13:58:57","slug":"qui-sommes-nous","status":"publish","type":"page","link":"https:\/\/affable59.fr\/dj419799-ovh\/index.php\/qui-sommes-nous\/","title":{"rendered":"Qui sommes nous ?"},"content":{"rendered":"\n<p class=\"has-text-align-center\"><strong>Bienvenue et merci de visiter ce site<\/strong> <strong>d\u00e9di\u00e9 \u00e0 l\u2019accueil familial<\/strong><\/p>\n\n\n\n<div class=\"wp-block-media-text alignwide is-stacked-on-mobile\"><figure class=\"wp-block-media-text__media\"><img loading=\"lazy\" decoding=\"async\" width=\"640\" height=\"370\" src=\"http:\/\/affable59.fr\/dj419799-ovh\/wp-content\/uploads\/2022\/03\/wp68f561aa_05_06.jpg\" alt=\"\" class=\"wp-image-17 size-full\" srcset=\"https:\/\/affable59.fr\/dj419799-ovh\/wp-content\/uploads\/2022\/03\/wp68f561aa_05_06.jpg 640w, https:\/\/affable59.fr\/dj419799-ovh\/wp-content\/uploads\/2022\/03\/wp68f561aa_05_06-300x173.jpg 300w\" sizes=\"(max-width: 640px) 100vw, 640px\" \/><\/figure><div class=\"wp-block-media-text__content\">\n<div class=\"wp-block-group\"><div class=\"wp-block-group__inner-container is-layout-flow wp-block-group-is-layout-flow\">\n<p>J&#8217;esp\u00e8re qu&#8217;\u00e0 la lecture de ce site, nous r\u00e9pondrons \u00e0 vos attentes.<\/p>\n\n\n\n<p>Quel est l\u2019objet de ce site ?<\/p>\n\n\n\n<p><\/p>\n<\/div><\/div>\n<\/div><\/div>\n\n\n\n<p>Collecter et mettre \u00e0 disposition une information concr\u00e8te sur les diff\u00e9rentes d\u00e9marches \u00e0 effectuer pour les accueillants familiaux et les personnes accueillies.<br>Mettre en relation, faire le lien entre les familles naturelles ou les repr\u00e9sentants l\u00e9gaux des futurs personnes accueillies \u00e0 la recherche de places d&#8217;accueil avec les accueillants familiaux.<\/p>\n\n\n\n<p>Apporter aux familles naturelles et repr\u00e9sentants l\u00e9gaux un soutien, un accompagnement administratif par le biais de nos prestations de services.<br>L\u2019accueil familial de personnes \u00e2g\u00e9es et adultes handicap\u00e9s est un mode d\u2019accueil alternatif entre le maintien \u00e0 domicile et l\u2019h\u00e9bergement en \u00e9tablissement, ce qui permet \u00e0 la personne \u00e2g\u00e9e ou handicap\u00e9e de maintenir des liens avec son environnement ant\u00e9rieur tout en lui offrant un cadre de vie familial et s\u00e9curisant.<\/p>\n\n\n\n<p>Notre association loi 1901 \u00e0 but non lucratif, cr\u00e9\u00e9e en mai 2015 regroupe des repr\u00e9sentants de personnes accueillies, des accueillants familiaux et des sympathisants souhaitant soutenir et d\u00e9velopper l&#8217;accueil familial.<\/p>\n\n\n\n<p>Que vous cherchiez ou non une place disponible en accueil familial, que vous \u00eates accueillant ou pr\u00eat \u00e0 le devenir, n&#8217;h\u00e9sitez pas \u00e0 nous faire part de vos remarques, vos id\u00e9es en nous contactant, car pour nous, c&#8217;est un moyen essentiel pour am\u00e9liorer ce site.<\/p>\n","protected":false},"excerpt":{"rendered":"<p>Bienvenue et merci de visiter ce site d\u00e9di\u00e9 \u00e0 l\u2019accueil familial Collecter et mettre \u00e0 disposition une information concr\u00e8te sur les diff\u00e9rentes d\u00e9marches \u00e0 effectuer pour les accueillants familiaux et les personnes accueillies.Mettre en relation, faire le lien entre les familles naturelles ou les repr\u00e9sentants l\u00e9gaux des futurs personnes accueillies \u00e0 la recherche de places [&hellip;]<\/p>\n","protected":false},"author":1,"featured_media":0,"parent":0,"menu_order":0,"comment_status":"closed","ping_status":"closed","template":"","meta":{"footnotes":""},"_links":{"self":[{"href":"https:\/\/affable59.fr\/dj419799-ovh\/index.php\/wp-json\/wp\/v2\/pages\/67"}],"collection":[{"href":"https:\/\/affable59.fr\/dj419799-ovh\/index.php\/wp-json\/wp\/v2\/pages"}],"about":[{"href":"https:\/\/affable59.fr\/dj419799-ovh\/index.php\/wp-json\/wp\/v2\/types\/page"}],"author":[{"embeddable":true,"href":"https:\/\/affable59.fr\/dj419799-ovh\/index.php\/wp-json\/wp\/v2\/users\/1"}],"replies":[{"embeddable":true,"href":"https:\/\/affable59.fr\/dj419799-ovh\/index.php\/wp-json\/wp\/v2\/comments?post=67"}],"version-history":[{"count":2,"href":"https:\/\/affable59.fr\/dj419799-ovh\/index.php\/wp-json\/wp\/v2\/pages\/67\/revisions"}],"predecessor-version":[{"id":69,"href":"https:\/\/affable59.fr\/dj419799-ovh\/index.php\/wp-json\/wp\/v2\/pages\/67\/revisions\/69"}],"wp:attachment":[{"href":"https:\/\/affable59.fr\/dj419799-ovh\/index.php\/wp-json\/wp\/v2\/media?parent=67"}],"curies":[{"name":"wp","href":"https:\/\/api.w.org\/{rel}","templated":true}]}}